et g be 2/9 - 2190/135. Let h be ((-13)/52)/(2/g). Let y(n) be the third derivative of -n**6/120 + n**5/30 - n**3/6 + n**2. Determine y(h).
-1
Let y(z) = 0*z**2 - z**3 + 3*z**2 + 2*z + 3 - 5*z**2. Let r(f) = 2*f**3 + 35*f**2 - 58*f - 22. Let m be r(-19). Calculate y(m).
6
Let j(x) = -x**3 - 8*x**2 - 2*x + 3. Let v = -51 + 55. Suppose 0 = v*p + 5*s + 27, 2*p + 6*s + 11 = s. Determine j(p).
19
Let y(s) be the third derivative of -s**4/24 - 2*s**3 + 14*s**2 + 2. Give y(-12).
0
Let s(c) be the first derivative of -2 + 1/2*c**2 - 2*c. Let n be (-1 + -2)*6/(-9). What is s(n)?
0
Let x(d) = 2 + 0 + d**2 - 4*d - 12. Let j be x(6). Let b(a) = -a**2 - 3*a + 0 - 3*a + j*a**2 - 1. Determine b(3).
-10
Let r(b) = b**3 + 6*b**2 + b + 2. Let m = 16 + -16. Suppose 3*j - 3 = 4*j, m = -4*c - 4*j. Suppose -4*i = -0*i + c*z + 36, -4*i - 8 = -4*z. Give r(i).
-4
Let p be (-1 + (4 - 2))/(-1). Let f = 0 - p. Let w(o) = 3*o - 1. Let i(n) = -2*n + 1. Let t(l) = -5*i(l) - 4*w(l). What is t(f)?
-3
Suppose 2*f + 3*f - 4*n = -1050, -f + n = 211. Let y be (-6)/18 - f/6. Let m be y/12 + 4/24. Let d(z) = z - 2. What is d(m)?
1
Let u be 114/(-27) + 54/243. Let b(a) = a**2 + 3*a + 1. Determine b(u).
5
Let z = -168 + 163. Let h(x) be the second derivative of x**4/12 + 2*x**3/3 - 3*x**2 - 2*x. Determine h(z).
-1
Let l(m) be the first derivative of -1/2*m**2 - 6 - 5*m + 1/3*m**3 + 1/12*m**4 - 1/20*m**5. Let d(q) be the first derivative of l(q). Calculate d(2).
-1
Let n be 1/2 - 15/6. Let k(i) = -66 + 34 + 0*i + 14*i - 6*i + 33. Calculate k(n).
-15
Let v(m) = -m**3 - 11*m**2 + 18*m + 77. Let z be v(-12). Let a(j) = j**3 - 3*j**2 - 5*j - 2. What is a(z)?
23
Let k(n) = -2*n**2 - n + 7. Let b(z) = -z**2 - z + 4. Let v(t) = -5*b(t) + 3*k(t). Let y(q) = -2*q**2 + 3*q + 2. Let u(f) = -5*v(f) + 3*y(f). Determine u(-2).
-1
Let f(s) be the third derivative of -s**6/120 + 3*s**5/20 - 7*s**4/24 + 2*s**3 + s**2. Suppose 4*p + 294 = 3*a + 332, 5*p - 34 = -3*a. What is f(p)?
20
Let h be (-1)/((-3)/126*-6). Let p(x) = -x**2 - 3*x + 17. Give p(h).
-11
Let p(o) = 6*o + 6. Let u(s) = -2*s - 2. Let d(r) = -p(r) - 2*u(r). Calculate d(-2).
2
Let t = 14 + -8. Let j be 0/((-5 + 11)/((-4)/(-2))). Let p(a) = -3 + 0*a + 6 + a + j. Calculate p(t).
9
Let f = -3 - -1. Let o be (0 - -3)/(78/(-48) + 2). Let a(v) = 0*v - 2*v - 1 - o*v + 3*v. What is a(f)?
13
Let q(p) = 3*p - 1. Let u be -1 - 0 - (1 - 5). Suppose 0*l = u*l - 81. Let v be 7/9 - (-6)/l. What is q(v)?
2
Let r be -1 + (0 - 1) + 0 + 0. Let i be (r*20/8 - -2)*2. Let z(w) = -2*w - 1. Give z(i).
11
Let c(f) = -f. Let h be c(-2). Suppose i - h = 3. Let n(s) = 3 + 2*s + 4 + 1 - 14. Determine n(i).
4
Let k(v) = 3 + 14*v - 17*v + 12*v. What is k(-3)?
-24
Let a(p) = -2*p**3 - 10*p**2 + 12*p - 2. Let r be a(-6). Let n(y) = -y**2 - y + 1. Let m(z) = -z**3 - 9*z**2 - 7*z + 5. Let h(k) = -m(k) + 6*n(k). What is h(r)?
3
Let b = 40 + -36. Suppose -b*v + 5 = v. Let o(d) = -25*d - 4*d**2 + 25*d - 1. Determine o(v).
-5
Let a(t) = t**3 + 5*t**2 + 3*t - 2. Let f be a(-4). Let x(u) be the first derivative of -u**4/4 + u**3/3 - 2*u + 153. What is x(f)?
-6
Suppose 53*n - 56*n + 6 = 0. Let g(w) = 2*w. Calculate g(n).
4
Let o(p) = -5*p**3 + p + 1. Let q be (-2 - -1) + 0/4. Determine o(q).
5
Let t(g) = -19*g**2 - 206*g + 35. Let w be t(-11). Let x(d) = 5*d - 2. Give x(w).
8
Suppose -5*q + o + 99 = 0, 8*o = -5*q + 3*o + 105. Suppose 0 = 3*z + i + q, 3*i - 2 = z - 12. Let g = 10 + z. Let n(s) = -2*s - 1. What is n(g)?
-11
Suppose r = 3*w + 21 + 1, 17 = 2*r + 3*w. Let j(g) = -g + 12. Give j(r).
-1
Let j(q) = -2*q**3 - 8*q**2 - 2*q - 4. Suppose -4*t + 5*g - 1 = 0, -17*g + 27 = -3*t - 22*g. Determine j(t).
4
Let m(l) = -5*l + 1. Suppose 4*g + 21 = 11*g. Suppose 3*s = -g, -6*s = -w - s + 6. Calculate m(w).
-4
Let k = 4 - 3. Let z(t) = -4*t + 18. Let l(w) = -w**2 - 5*w + 24. Let b(c) = 6*l(c) - 8*z(c). What is b(k)?
-4
Let w(x) be the second derivative of 0*x**2 + 0*x**4 - 3/20*x**5 + 0 - 8*x + 1/6*x**3. Give w(1).
-2
Let q be ((-2)/(-3))/((-2)/21). Let t(h) = 4*h**3 + 10*h**2 + 5*h + 12. Let j(v) = 5*v**3 + 11*v**2 + 6*v + 14. Let g(n) = -3*j(n) + 4*t(n). What is g(q)?
-8
Let v(d) be the second derivative of 3*d**3 + d**2/2 - 149*d. Give v(-1).
-17
Let i(m) be the second derivative of -m**3/6 - 7*m**2/2 + m. Let o(x) = 24*x**3 + 2*x**2 + x. Let d be o(-1). Let s = d - -18. Determine i(s).
-2
Let r(o) = -o**3 - 2*o**2 + 0*o**2 - o + 2 - 6. Suppose 0 = -2*d + u - 5*u + 16, -4*u = 12. Suppose 4*v + d - 2 = 0. Give r(v).
8
Let o(c) be the third derivative of -c**6/360 - c**5/60 + c**4/8 - 12*c**2. Let t(z) be the second derivative of o(z). Determine t(4).
-10
Let v(q) = 2*q**2 - 1. Suppose -3*b = a - 353, 0*b + 3*a - 469 = -4*b. Let p = b - 116. Calculate v(p).
7
Let m(i) = -5*i - 22. Let h(o) = -o - 4. Let u(z) = 4*h(z) - m(z). Give u(-3).
3
Let w(n) = -n + 7. Suppose 10*t = 2*t + 80. Let f be w(t). Let u(i) = -2*i - 3. Calculate u(f).
3
Let w(r) = -r - 4 + 4*r + 6 + 3 - 14. Give w(-3).
-18
Let w(g) = 136*g**2 + 10*g - 3. Let h(c) = -202*c**2 - 14*c + 4. Let v(k) = 5*h(k) + 7*w(k). What is v(-1)?
-59
Let i(a) = -a**3 + 5*a**2 - 2*a. Suppose -10*h + 6*h - 8 = 0. Let j be (5 - 9) + (-16)/h. Calculate i(j).
8
Let n(z) = z**2 + z - 2. Let r be 15/3 + 1/1. Let h be ((-2)/(-3) - 1)*r. Give n(h).
0
Let a = 18 - 20. Let g = 4 + a. Let b(d) = 1 + g*d**2 - 2*d**2 + 1 - 3*d**2. Determine b(-2).
-10
Let y(u) be the first derivative of -5/2*u**2 - 10 - 2*u - 1/3*u**3. Let i = 6 - 9. Calculate y(i).
4
Suppose 2 + 2 = 2*n. Suppose -v + n*o = -4 + 2, 0 = -o - 1. Let t(l) = 12*l**2 + v - 3 - 11*l**2. Calculate t(-3).
6
Let q(n) = -n**3 - 6*n**2 - 6*n - 2. Let x be 38*2/(-16) + (-7)/28. What is q(x)?
3
Let t be (-8)/(-1 + 9) + 5. Let o(x) be the first derivative of t - x**3 - 1/4*x**4 + x**2 - 2*x. What is o(-3)?
-8
Let s(z) be the first derivative of -3*z**2/2 - 14*z + 39. Give s(-7).
7
Let r(q) = -q**2 + q + 1. Let h = -128 - -129. Calculate r(h).
1
Let k(t) = -t**2 + 3*t. Let a be (-6)/(-2 + 1 - (-10)/4). What is k(a)?
-28
Let x(z) = 2*z**2 + 4*z + 6. Suppose 5*i - 4*c = 10*i + 13, 5*c = 15. Determine x(i).
36
Let u(h) = -h**2 - 22*h - 11. Suppose 32*y - 42 = 34*y + 5*w, w + 147 = -7*y. Give u(y).
10
Suppose -2*x + 0*x - 22 = -3*h, 0 = 2*x + 10. Suppose -h*i + 6 = -6*i. Let b(c) = 3*c + 2 + 5*c + c**2 - 4*c. Calculate b(i).
-1
Let h(z) = z**2 + 6*z - 8. Let s be h(-7). Let m(c) = -4*c**2 - 8*c - 14. Let u(q) = -3*q**2 - 6*q - 11. Let d(v) = 4*m(v) - 5*u(v). Calculate d(s).
0
Let b(p) = p - 10. Suppose 4*o = 5*o - 1. Suppose 29 = 5*q - o. Let s be b(q). Let c(r) = r**2 + 3*r + 2. Determine c(s).
6
Let l(c) = -3*c - c + 1 + 2*c. Let f = 125 + -180. Let u = f + 52. Determine l(u).
7
Let y(i) be the first derivative of i**4/4 + 3*i**3 + 4*i**2 - 3*i + 1. Suppose 3*g - 3*p = -9, -g - p + 5*p = -12. Give y(g).
-3
Let v(l) = 43 - 9*l - l**3 - 7*l**2 - 45 - l. Let h(k) = -k**2 - 1. Let i(w) = -3*h(w) - v(w). Calculate i(-9).
-4
Suppose o + x = 1 + 6, 5*o + x = 19. Let q(i) = -i**3 + 3*i**2 - 3. What is q(o)?
-3
Let b(j) = -2*j**3 - 4*j**2 - 7*j + 5. Let g(d) = -d**3 - 5*d**2 - 8*d + 6. Let h(z) = 2*b(z) - 3*g(z). Suppose -24 = r - 4*r. What is h(r)?
8
Let b(n) = n**3 - 12*n**2 - n + 11. Suppose 4*h = -2*c + 46, -h + 7 = -26*c + 31*c. Give b(h).
-1
Suppose -f - 2 = -0. Let z(l) = 3*l**3 - 3*l**2 + 21*l + 2. Let u(c) = 2*c**3 - 3*c**2 + 16*c + 1. Let i(a) = -5*u(a) + 4*z(a). Calculate i(f).
-9
Let t(x) = 5*x**2 + x - 1. Let h(a) = -4*a**2 + 1. Let c(v) = 4*h(v) + 3*t(v). Let y be (-1*8*-1)/2. Give c(y).
-3
Let p(a) = -11 + 4 - a + 6*a + a. Let s = 13 + -12. Let d(c) = -c + 1. Let t(r) = s*p(r) + 5*d(r). Give t(-6).
-8
Suppose 9 = 3*c, 0*r = r - 4*c + 17. Let b = 2 + r. Let n(p) be the third derivative of -p**6/120 - p**5/12 - p**4/8 - 2*p**3/3 - 14*p**2. What is n(b)?
-13
Let r(b) = b**3 + 6*b**2 + 3*b + 3. Let y(d) = 1. Let f(x) = x - 5. Let m(n) = f(n) + 2*y(n). Let w be m(-2). Give r(w).
13
Let m(y) be the first derivative of y**4/4 + 7*y**3/3 + 4*y**2 - 2*y + 44. What is m(-6)?
-14
Let v(c) be the first derivative of -c**2/2 - c - 484. Let h be (3 + -1)*(-5)/2. Determine v(h).
4
Let a(z) = 5*z**2 - z. Let y(x) = -x**2 + 25*x + 115. Let v be y(-4). Determine a(v).
6
Let k(a) = 4*a**3 + 6*a**2 - 16*a - 5.